pose -v = 5*g + 481, -g + 2*g + 5*v = -y. Let c = g - -226. What is the tens digit of c?
2
Let k = -8344 - -43220. What is the hundreds digit of k?
8
Suppose -11*t + 35559 = -32344. What is the units digit of t?
3
Let n(l) = -17*l + 6. Suppose 26 = -10*q - 4. What is the units digit of n(q)?
7
Suppose -5*o + 75671 = -x, 45425 = 3*o - 285*x + 290*x. What is the ten thousands digit of o?
1
Let s(p) = -p**3 - 13*p**2 + 29*p + 11. Suppose 7*d = -32 - 80. What is the tens digit of s(d)?
1
Let b(a) = -159*a**3 + a**2 - a - 10. What is the units digit of b(-2)?
8
Suppose n + 7*y = 4*y, -3*y - 36 = -5*n. Suppose 11 = n*o - 13. What is the units digit of 4*(115/o)/5?
3
Let j = 15 + -11. Suppose 5*p - 51 = -0*l + j*l, 5*p + 5*l = 15. Suppose p*g = 2*g - v + 111, -2*g = -5*v - 39. What is the units digit of g?
2
Let b = 24 - 22. Let k(q) = -65*q + 7. Let d(c) = -2*c - 1. Let j(p) = -2*d(p) - k(p). What is the hundreds digit of j(b)?
1
Suppose 39*i + 4249 = 46*i. Suppose 0 = -w + i + 1416. What is the tens digit of w?
2
Let c = 4315 - 1831. What is the tens digit of (-3)/(-21) + c/7?
5
Let o = -303 + 378. What is the units digit of 9/135 - (-9970)/o?
3
Suppose 0 = q + 13*q - 70. Let z be 10/3 + (q - 16/3). Suppose 2*k = -k - 3*c + 450, z*k + c = 460. What is the units digit of k?
5
Let z(l) = -l + 52. Let j be z(11). Let y = 93 - j. What is the tens digit of y?
5
Suppose 3*v = 17 - 56. Let n = 13 + v. Suppose -2*u = w + 3*u - 68, n = 4*w + u - 329. What is the tens digit of w?
8
Let p(y) = -5*y**3 - 6*y**2 - 11*y - 4. Let w = -132 - -240. Let j = -112 + w. What is the hundreds digit of p(j)?
2
Let f = 364 + 79. Suppose j = -2*m + 415, -j = -5*m - 0*m - f. What is the tens digit of j?
2
Suppose -4*g + 6*u - u + 51 = 0, 73 = 5*g + 3*u. Let s(w) = -53*w - g + 3 + 4 - 15. What is the tens digit of s(-3)?
3
Suppose 185*v - 42*v - 593235 = 552624. What is the units digit of v?
3
Suppose 2*z + z + 9 = 0. Let s be 0/((-6)/z - 3). Suppose -5*u - 1 = c, s = -3*c + 5*u - 0*u + 57. What is the tens digit of c?
1
Let a(c) = -c**3 + 3*c**2 - 4*c - 5. Let v be a(7). Suppose 64 = -q - 296. Let x = v - q. What is the tens digit of x?
3
Let l = 67167 - 39273. What is the units digit of l?
4
Let q be 567 + (-5)/15*3. Let u = q - 335. Let p = u - 88. What is the hundreds digit of p?
1
Let k(o) = -3 - o + 0 - 1 - 17*o**2 - o**3 - 11. Let d be k(-17). What is the tens digit of (-1)/d*(-4 - 120)?
6
Let l be 2/(-6) + (-1082)/(-6). Suppose 4*d = -80 - 304. Let a = d + l. What is the units digit of a?
4
Let p be 4 + 41/(-1) - 4. Let x = 110 + p. Let z = x + 40. What is the units digit of z?
9
Let q(o) = 14*o**3 + 70*o**2 - 68*o - 166. Let u(f) = 5*f**3 + 23*f**2 - 22*f - 55. Let y(z) = -6*q(z) + 17*u(z). What is the hundreds digit of y(28)?
2
Let t(z) = 7*z**3 - 14*z**2 + 4*z + 9. Let h(f) = -20*f**3 + 42*f**2 - 13*f - 28. Let d(w) = 6*h(w) + 17*t(w). What is the hundreds digit of d(10)?
2
Suppose -12*d = d - 26. Suppose d*y - 659 - 441 = 0. What is the tens digit of y?
5
Let v(d) be the third derivative of d**4/12 + 59*d**3/6 - 6*d**2. Let g be v(25). Let j = g - -45. What is the hundreds digit of j?
1
Suppose -4*u + 4 + 4 = 0. Let j be (2 - (-3 + 1))/(u - 0). Let k(i) = 73*i - 17. What is the tens digit of k(j)?
2
Let d(p) = 134*p**2 + 120*p - 96. What is the thousands digit of d(20)?
5
Let a = 14922 - 10474. What is the tens digit of a?
4
Let v = 145 + -83. Let t = v - 62. Suppose t*k - 110 = -2*k. What is the tens digit of k?
5
Suppose 131*x - 133*x = d - 885, 0 = -4*x + 4*d + 1752. Let v = x - -1245. What is the thousands digit of v?
1
Suppose 0 = 2*u - 3*h + 44 - 83, 3*u + 4*h - 16 = 0. Let i be (-2 - -2) + 1*8. Suppose u*n = i*n + 476. What is the hundreds digit of n?
1
Let g = 17090 - 10281. What is the thousands digit of g?
6
Suppose -178946 = -49*h + 197570. What is the hundreds digit of h?
6
Let l(v) be the second derivative of v**4/4 - 35*v**3/6 + 19*v**2/2 + 35*v. What is the tens digit of l(24)?
0
Let f(b) = 15*b**3 + 2*b**2 - 3*b - 3. Let h be f(4). Suppose -6239 - h = -11*y. What is the tens digit of y?
5
Let f = 4 - -80. Let u = f - 141. Let i = 1 - u. What is the units digit of i?
8
Let u be (8/12)/((-6)/9). What is the units digit of (25 + 8)*(20/6 + u)?
7
Let v(m) = 31*m + 8. Suppose -4*g = -3*f - 0*f - 2, 2*f + 2*g = 22. Let p be v(f). Suppose 3*a = 5*i + 48, -5*a - 5*i = 74 - p. What is the tens digit of a?
2
Suppose 0 = -36*k + 118*k - 682938 - 457764. What is the thousands digit of k?
3
Suppose 3470590 = 108*c - 14*c - 1246988. What is the hundreds digit of c?
1
Let k be 37 - 2*(-5)/(-2)*-1. Suppose -k*o = -43*o + 663. What is the tens digit of o?
6
Let g(f) = 2*f**2 - 2*f - 1. Let v be g(-1). Suppose 7*t = v*y + 11*t - 5384, -4*y + 7167 = 3*t. What is the tens digit of y?
8
Let s = 149 - 149. Suppose -4*g + n = -1129, -n + 10 - 7 = s. What is the units digit of g?
3
Let l = 20325 - 13571. What is the tens digit of l?
5
Let b(f) = -f**2 - 10*f. Let z be b(-10). Suppose -5*x - 66 + 11 = z. What is the tens digit of 2/x - 3035/(-55)?
5
Let a(o) = 124*o + 1958. What is the tens digit of a(63)?
7
Let j(b) = b**3 - 3*b**2 - 11*b + 14. Let y be j(6). What is the tens digit of 4440/y - (-2)/(-7)?
7
Suppose 326*x - 60 = 336*x. Let z be 12/(-10)*25*-1. Let f = x + z. What is the tens digit of f?
2
Suppose -56 = -12*h - 16*h. Suppose 4*d + h*y + 6 - 124 = 0, -y = -d + 31. What is the tens digit of d?
3
Suppose -3*f - g + 131 = -f, f - 62 = -4*g. Let b be (3 + f/(-12))/((-1)/(-2)). Let t(y) = -3*y**3 - 7*y**2 + 4*y + 9. What is the tens digit of t(b)?
8
Let s be 37/(((-2)/(-3))/((-52)/78)). Let z = s - -124. What is the tens digit of z?
8
Let y = -2615 - -8877. What is the hundreds digit of y?
2
Suppose 9*t + 12*t = 1344. What is the thousands digit of 1460 - (t/(-14) + (-88)/(-154))?
1
Suppose 5*f - 2*j = 11714, 4*f - j = 10109 - 739. What is the thousands digit of f?
2
Let b(o) = -o**3 + o**2 - 2*o + 749. Let n be b(0). Suppose u + 293 - n = 0. What is the units digit of u?
6
Let n = 156 + -153. What is the units digit of n*(199 + -8) - 1*5?
8
Suppose 40 = 5*u - 5*w, 3*w = -3*u + 2*u - 4. Let z(t) = 39*t**2 + 12*t - 67. What is the tens digit of z(u)?
6
Suppose u - 79026 = -4*a, -2*a - a + u = -59259. What is the hundreds digit of a?
7
Let b(l) = -l**2 - 6*l - 6. Let w be b(-3). Let j be 4/(-22) - (-28)/154. Suppose j = -w*s + k + 42, s - 27 + 6 = -2*k. What is the tens digit of s?
1
Suppose -h = w - 34, -3*w = h - 107 + 11. Let g(c) = -c**2 - 7*c - 4. Let d be g(-6). Suppose 5*j + 27 = f + j, 0 = f - d*j - w. What is the tens digit of f?
3
Let c(b) = 5*b**3 - 2*b**2 + 5*b - 12. Let h be c(-5). Let z = h - -1102. What is the hundreds digit of z?
3
Suppose -23*i + 3*i + 316840 = 0. What is the ten thousands digit of i?
1
Let s(a) = 4*a**2 - 36*a - 326. What is the units digit of s(-36)?
4
Suppose 0 = -3*b - p + 75994, p + 50344 = 5*b - 76294. What is the units digit of b?
9
Let z(w) = -w**2 - 3*w - 2. Let t be z(-5). Let c be 3/t + 2884/16. What is the tens digit of (144/5)/(54/c)?
9
Let u(d) = -2*d - 8. Suppose 0 = 3*y - 31 - 5. Let s be u(y). What is the tens digit of s/((-28)/(-8) - 4)?
6
Let n(r) = 13*r - 27. Let l = 4 - -8. Let o be n(l). Suppose 5*w - 255 = 2*g, -g + 75 + o = 4*w. What is the tens digit of w?
5
Suppose -8 = -2*s - 2*y, 3*y - 2 = -4*s + 6*y. Suppose 2*t - 99 = -0*t + 5*b, -2*b + 120 = s*t. What is the tens digit of t?
5
What is the tens digit of 66/12 + -3 - 47*(-19323)/18?
5
Let k be ((-918)/(-5))/(153/(-1020)). Let a = -270 - k. What is the units digit of a?
4
Suppose d = -4*n + 3*d + 762, -3*n + 561 = -5*d. Let k = 427 - n. Suppose k - 694 = -3*h. What is the units digit of h?
3
Let f(x) = -1397*x**3 - 2*x**2 - 59*x - 109. What is the tens digit of f(-2)?
7
Let y(x) = 1981*x + 409. What is the tens digit of y(3)?
5
Let w = -7549 - -17119. What is the tens digit of w?
7
Suppose 17 = 2*s + 5*j, s + 2*j - 1 = 5. Let i(p) = p**2 + 3*p - 1. Let v be i(s). Suppose -69 = -c + 3*m, 2*c + 0*m = v*m + 135. What is the units digit of c?
6
Suppose 144*o - 164685 - 242979 = 0. What is the tens digit of o?
3
Let s be 0 - 1436/10 - (-4)/(-10). Let l = -133 - s. Let t(h) = h**3 - 9*h**2 - 9*h + 11. What is the units digit of t(l)?
4
Let t = 411 - -77. L